(c).
-8
Let v(w) be the first derivative of -2*w**3 - 15. Let g(s) = s**2 + 8*s + 14. Suppose -12 = -5*j + 9*j. Let f be g(j). What is v(f)?
-6
Let p be (-399)/12 + 6 - ((-21)/(-28))/1. Let u(r) = -2*r**2 - 58*r - 69. Give u(p).
-13
Let a be ((1 + 1)*-1)/(-2 - -1). Let l(q) = -27*q**3 + 15*q**2 - 1 - a*q + 12*q**2 - 28*q**2. Calculate l(-1).
27
Let i(u) = 2*u - 1. Let n(o) be the third derivative of o**6/60 + o**5/15 + o**4/6 + 2*o**3/3 + 27*o**2 + 4. Let g be n(-2). Give i(g).
-9
Let b(j) = -9*j**3 + j**2 + j - 1. Let f be -3 + -3 - ((-12)/(-78) - (-465)/(-65)). What is b(f)?
-8
Let q(b) be the first derivative of b**3/3 + 5*b**2/2 - 8*b + 2415. Calculate q(2).
6
Suppose 0 = 4*f + 4*o - 4, 3*f - 215 + 228 = o. Let z(j) = 14*j + 55. Give z(f).
13
Suppose 8*x - 2*x - 42 = 0. Let f be -2*x*(-11)/22. Let h(a) = -a - 3. Give h(f).
-10
Let k(d) = -d**2 + 2*d - 21. Let n(h) = h + 1. Let t(w) = k(w) + 4*n(w). Let s be t(4). Let x(g) = g**2 + 7*g + 6. Determine x(s).
24
Let u(w) = 16*w**2 - 2*w - 9. Let r(a) = -27*a**2 + 3*a + 16. Let n(c) = -8*r(c) - 13*u(c). Calculate n(4).
125
Let f(v) = 3*v**2 - 93*v - 6. Suppose 0 = -3*x - 2*k + 105, 0 = 116*x - 117*x - k + 37. Calculate f(x).
-6
Suppose -6*r - 356 - 436 = 0. Let o be (r/110)/(2/20). Let h(i) = i**3 + 11*i**2 - 12*i - 14. Determine h(o).
-14
Let d(k) = 61*k - 369. Suppose 2*g - 36 = -5*o, -16*g = o - 13*g - 15. Determine d(o).
-3
Suppose 68*x - v = 64*x, 7*x - 4*v + 9 = 0. Let p(j) = 0*j**2 + 0*j - 1 - 4*j**2 + 2*j**2 + 2*j. Calculate p(x).
-1
Let w(y) = -18743 + 9347 - 9*y + 9328 - 6*y. Calculate w(-4).
-8
Let g(m) = 3*m + 6. Suppose -5*z = 2*d + 3*d, 15 = -5*d. Suppose 12 = 5*f - 7*f + 2*j, 2*f + z*j = -12. What is g(f)?
-12
Let f = 484 - 479. Let p(q) = 2*q - 15 - 3*q**2 - f + 20 + 7*q**3 - 1. Determine p(1).
5
Let o(j) = j**2 - 9*j + 10. Let r(m) = m**2 - 9*m + 11. Let g(w) = 4*o(w) - 3*r(w). Let p = -767 - -774. Determine g(p).
-7
Let t(p) = -19*p**2. Let n = 93 - 89. Let h(k) = -k**3 + 2*k**2 + 8*k - 1. Let b be h(n). What is t(b)?
-19
Let d(a) = 20*a + 261. Let u(j) = 18*j + 251. Let p(g) = 6*d(g) - 7*u(g). What is p(-31)?
-5
Let h(p) = p**3 + 30*p**2 - 27*p + 134. Let w be h(-31). Let o(i) = -i**2 + 9*i + 11. What is o(w)?
1
Let k(q) = 15*q + 7. Let u(d) = 7*d + 5. Let r(f) = -2*k(f) + 5*u(f). Let l(w) = -6*w + 1 + 2 + 17*w + 18. Let n(x) = 4*l(x) - 9*r(x). What is n(0)?
-15
Suppose 0 = 5*t - 2*k - 3143, 2*t = -3*t + 5*k + 3155. Suppose -6 = -628*d + t*d. Let i(m) = m**3 - 7*m**2 + 8*m - 7. Calculate i(d).
5
Let h(v) = -37*v**2 - v. Let z be -2 + (-4)/(16/(-28)). Suppose 4*i = -u + 7, 13 = -z*u - i + 5*i. Give h(u).
-36
Let w(f) = 7*f - 8. Let p(r) = -3*r + 5. Let m(v) = -5*p(v) - 3*w(v). Suppose -5*y + 2*z + 3 = 0, 0*y + 2*y + z - 3 = 0. Calculate m(y).
-7
Let b(v) be the third derivative of -3*v**6/40 + v**3/6 - 2*v**2. Let r(q) = q - 1. Let j(k) = b(k) + r(k). Suppose -15*p + 16*p + 1 = 0. Calculate j(p).
8
Let j = 3158 - 3153. Let w(q) = -q**2 + 5*q + 18. Give w(j).
18
Let p(g) = -g**3 + 5*g + 1. Suppose 0 = -116*y + 121*y - 55. Suppose -2*k - 10 = 2*q, 0*k + y = -4*k - q. What is p(k)?
-1
Let c(h) = 3*h**2 + 2*h - 9. Let k be c(3). Suppose 0 = k*q - 20*q - 28. Suppose -3*j - 1 = -q. Let x(b) = -3*b**2 + 2*b - 3. Give x(j).
-11
Let t be 4/(-6) + 1/(-3). Suppose -k = -5*w - 76 + 47, 3*w = -5*k + 5. Let b be (t/(-6) + (-172)/(-120))*w. Let s(x) = -x**3 - 8*x**2 - x - 1. What is s(b)?
7
Let v(l) = 2*l**2 + 12*l + 3. Let r(q) = -2*q**2 + 17*q - 14. Let t(j) = -6*j**2 - 38*j - 4. Let c be t(-6). Let h be r(c). Give v(h).
3
Suppose -5*q - 16 = 3*p, 0 = -2*p - 1666*q + 1670*q - 18. Let f(k) be the first derivative of -k**4/4 - 7*k**3/3 - k**2 - 3*k - 2. Give f(p).
11
Let g(b) = -b**2 + 84 + 79 - 161 + 8*b. Let c = 334 + -326. Calculate g(c).
2
Let u(z) be the first derivative of z**3/3 - 14*z**2 - 105*z + 6874. Give u(31).
-12
Let p(a) = -8*a**2 - 6*a**2 - 62 - 21*a + 12 + 9*a**2 + 44. Determine p(-4).
-2
Let b(y) = -3*y + 13. Let c(j) = 6*j + 138. Let k(p) = -b(p) - c(p). Calculate k(-48).
-7
Let g(a) = 5*a + 8. Suppose 7 = -l + 1102*t - 1104*t, -18 = 3*t. Give g(l).
33
Let b(f) = -3*f - 55. Suppose -4*l - 76 = 4*k, l - 3 + 12 = 4*k. Determine b(l).
-4
Let y(q) = -q**2 - 2*q - 1. Let p be y(-3). Let i(x) = 14*x**2 + 78*x - 46. Let a(c) = -5*c**2 - 28*c + 17. Let t(s) = 11*a(s) + 4*i(s). Determine t(p).
3
Suppose -8 = -4*o, -4*o = m - 5*m. Suppose -3 = -5*g + 4*k + 11, -m*g + 4*k - 4 = 0. Let s(p) = 3*p - 2. Calculate s(g).
16
Let h(y) = -16*y - 1. Let z be (-46)/(-2) + (25 - 23). Let m be (2/(-5))/(5/z). Give h(m).
31
Let f be ((135/54)/(1 - -4))/((-9)/144). Let s(w) = 3*w**2 + 15*w - 22. Determine s(f).
50
Suppose 3*p + 5*g - 76 = 0, 4*p - 21 = -3*g + 95. Suppose -5*r + 9*b - 10*b = 20, p = -4*r - 4*b. Let f(k) = -k**2 - 2*k + 6. What is f(r)?
3
Let n(p) = -6*p - 213. Let v = 24249 - 24285. What is n(v)?
3
Let t be ((-6)/(-18))/((-2)/(-6)). Let n(m) = 8 - t + 5 + 2*m - 1. Let k(f) = -f**3 - 12*f**2 - 37*f - 38. Let y be k(-3). Determine n(y).
-5
Let v = -56 + 61. Suppose -4*t - 3*b = -27, -4*t + 25 + 12 = v*b. Let i(p) = p**3 - 2*p**2 - 3*p + 4. Calculate i(t).
4
Suppose -19 + 10 = -3*t. Suppose t*f + 5*y = 2*y + 12, 11 = 5*f - 4*y. Let s(j) = 0 + 0 - 2 + f*j - 4. Determine s(4).
6
Let c(v) = 10*v. Let s(o) = o**3 - 6*o**2 + 14*o - 14. Let n be s(7). Let t = -134 + n. Calculate c(t).
-10
Let c(q) be the third derivative of -5*q - 1/6*q**4 + 2/3*q**3 + 23*q**2 + 0. Calculate c(7).
-24
Let u be 2/(-4) + 1/(-2). Let g(m) = m**2 - m - 1. Let h(c) = -4*c**2 + 3*c - 4*c**2 + 4 - 5*c**2 + 0*c**2. Let s(o) = -4*g(o) - h(o). Give s(u).
8
Let i(j) = -j**2 + 9*j + 2. Let s be i(0). Let z(o) = -18 - 20 + 29*o**3 - 5*o**2 + 49 - 10 + 3*o**s. Calculate z(1).
28
Let l(o) = 57*o**3 - 35*o**2 - 80*o + 143. Let u(r) = 5*r**3 - 3*r**2 - 7*r + 13. Let x(m) = 4*l(m) - 46*u(m). Calculate x(0).
-26
Suppose -3*h + h = 20*h. Let o(q) be the third derivative of 1/20*q**5 + 1/6*q**4 + h*q - 11*q**2 + 0 - 1/120*q**6 - 1/3*q**3. What is o(4)?
-2
Suppose 71*o = 70*o + 8. Let q(n) = n - 131*n**3 + 8*n**2 + 36 - 41 + 130*n**3. Calculate q(o).
3
Suppose 5*a - 2*t = -3*t + 825, 2*t + 318 = 2*a. Let p(l) = 87*l - l**2 + 1 - a*l + 85*l. Determine p(9).
-8
Let u(l) = -91 - 83 - 29 + 56*l + 148. Give u(1).
1
Let i(z) be the second derivative of z**4/12 - 4*z**3 + 33*z**2/2 - 5*z + 29. Calculate i(23).
10
Let m(c) = -c**2 - 24*c - 144. Suppose -x + 32 = -3*b, -5*b + 3*x - 30 = 22. Calculate m(b).
-1
Let f(r) = 3*r**3 - 7*r**2 - 5*r + 120. Let x(z) = -5*z**3 + 15*z**2 + 9*z - 246. Let o(h) = 7*f(h) + 4*x(h). What is o(-9)?
9
Let w(s) = s**3 + 4*s**2 + 5*s + 2. Suppose 19*f + 8*f = 378. Let k be ((-6)/f)/((-20)/(-140)). Calculate w(k).
-4
Let b be 33/((-1584)/(-64))*30/4*1. Let c(r) = -4*r + 25. Determine c(b).
-15
Let b(a) = a**2 + 3*a. Let j(t) be the first derivative of t**3/3 - 7*t**2 - 9*t - 1. Let g be j(15). Let n be (8/g + -1)*-9. What is b(n)?
0
Let r(x) be the first derivative of -5*x**2 - 10*x - 575. Calculate r(-4).
30
Let v(c) = -19 - 43 - 43 - 46 + 139 - 2*c. Determine v(-7).
2
Suppose -8*v - 27 = -s - 4*v, 3*s + 3*v = 21. Let y(n) be the first derivative of n**3/3 - 11*n**2/2 + 5*n + 55. Give y(s).
5
Let k(g) = -11*g**2 + 210*g - 23. Suppose -f = d - 27, -3*f + 3*d + 49 = 2*d. What is k(f)?
-4
Let z(p) = p**2 - 9*p + 10. Let w(g) = g + 23. Let t be w(-23). Suppose -7*q + 0*q = t. Let r be 6/((-18)/(-21))*(q - -1). What is z(r)?
-4
Let j(f) = 8*f**2 + 31*f - 257. Let u(a) = 3*a**2 + 11*a - 94. Let k(h) = -4*j(h) + 11*u(h). Calculate k(3).
-6
Let f = -828 - -827. Let a be -10 - -1 - (0 - 6 - f). Let q(o) be the third derivative of o**4/24 + 2*o**3/3 - o**2. What is q(a)?
0
Let m(g) = -7*g**3 - 5*g**2 - 5. Let k(n) = 31*n**3 + 21*n**2 + n + 21. Let f(y) = -2*k(y) - 9*m(y). Give f(-4).
-5
Let z(c) = -c + 13. Let f(s) = 51*s + 1627. Let h be f(-32). Determine z(h).
18
Let b be (-7)/(-35) + 2/(-10). Suppose -5*a - y = -b*y + 20, 3*a + 25 = 2*y. Let s(q) = 7*q + 3. Give s(a).
-32
Let i(a) = 7*a + 7*a + 12*a - 22*a + 82 + 6*a. Determine i(-8).
2
Let k(r) be the first derivative of 6*r - 8 - 1/2*r**2. Let w be (-10 - 0) + 2 + 14. Calculate k(w).
0
Let c(p) = p**3 + 10*p**2 - p - 11. Let y be (-2 + 3)/((-8)/80). Determi